 the prime factors of 10810624.
2, 11, 349
List the prime factors of 140801.
103, 1367
What are the prime factors of 1733156?
2, 29, 67, 223
List the prime factors of 200310.
2, 3, 5, 11, 607
List the prime factors of 3296870.
2, 5, 329687
What are the prime factors of 577842?
2, 3, 193, 499
What are the prime factors of 165304?
2, 20663
List the prime factors of 673790.
2, 5, 13, 71, 73
What are the prime factors of 31847?
31847
What are the prime factors of 1906155?
3, 5, 42359
List the prime factors of 108154.
2, 17, 3181
List the prime factors of 2072545.
5, 163, 2543
List the prime factors of 1084992.
2, 3, 5651
What are the prime factors of 528862?
2, 23, 11497
What are the prime factors of 93527?
7, 31, 431
What are the prime factors of 12969252?
2, 3, 360257
What are the prime factors of 85816?
2, 17, 631
List the prime factors of 59329.
79, 751
List the prime factors of 1154935.
5, 101, 2287
List the prime factors of 422683.
191, 2213
What are the prime factors of 250969?
250969
What are the prime factors of 5579389?
521, 10709
What are the prime factors of 4628812?
2, 1157203
What are the prime factors of 8073050?
2, 5, 161461
What are the prime factors of 6745069?
6745069
What are the prime factors of 651089?
37, 17597
What are the prime factors of 2492809?
11, 23, 59, 167
What are the prime factors of 3936524?
2, 71, 83, 167
What are the prime factors of 337563?
3, 37507
What are the prime factors of 4944315?
3, 5, 113, 2917
List the prime factors of 1013093.
409, 2477
What are the prime factors of 838932?
2, 3, 69911
List the prime factors of 164984.
2, 41, 503
List the prime factors of 516558.
2, 3, 7, 251
List the prime factors of 158945.
5, 83, 383
List the prime factors of 10579971.
3, 3526657
List the prime factors of 16444565.
5, 193, 17041
What are the prime factors of 17529747?
3, 2017, 2897
List the prime factors of 196430.
2, 5, 13, 1511
List the prime factors of 404377.
19, 21283
List the prime factors of 591080.
2, 5, 7, 2111
What are the prime factors of 342973?
67, 5119
What are the prime factors of 450630?
2, 3, 5, 1669
What are the prime factors of 787740?
2, 3, 5, 19, 691
What are the prime factors of 421522?
2, 210761
What are the prime factors of 1529672?
2, 107, 1787
What are the prime factors of 29148?
2, 3, 7, 347
What are the prime factors of 2910522?
2, 3, 47, 10321
List the prime factors of 1451488.
2, 67, 677
What are the prime factors of 1078574?
2, 7, 77041
What are the prime factors of 17915490?
2, 3, 5, 137, 1453
What are the prime factors of 1037086?
2, 518543
List the prime factors of 2856177.
3, 317353
What are the prime factors of 5453600?
2, 5, 17, 401
What are the prime factors of 148730?
2, 5, 107, 139
What are the prime factors of 2673195?
3, 5, 7, 3637
What are the prime factors of 373632?
2, 3, 7, 139
List the prime factors of 4050970.
2, 5, 7, 11, 5261
What are the prime factors of 614430?
2, 3, 5, 6827
What are the prime factors of 18197077?
18197077
What are the prime factors of 47947?
47947
What are the prime factors of 348295?
5, 41, 1699
What are the prime factors of 2172530?
2, 5, 217253
List the prime factors of 2109183.
3, 101, 6961
What are the prime factors of 461246?
2, 211, 1093
What are the prime factors of 622153?
7, 12697
What are the prime factors of 882053?
521, 1693
What are the prime factors of 2001021?
3, 11, 60637
What are the prime factors of 17620058?
2, 17, 518237
What are the prime factors of 726686?
2, 363343
List the prime factors of 11472899.
73, 157163
List the prime factors of 781759.
11, 71069
What are the prime factors of 3865983?
3, 11, 193, 607
What are the prime factors of 145575?
3, 5, 647
List the prime factors of 1014127.
1014127
List the prime factors of 531824.
2, 43, 773
List the prime factors of 3125068.
2, 43, 18169
List the prime factors of 1260299.
41, 59, 521
What are the prime factors of 4293937?
43, 99859
What are the prime factors of 6709?
6709
List the prime factors of 399976.
2, 17, 173
What are the prime factors of 1546233?
3, 13, 41, 967
List the prime factors of 1818636.
2, 3, 151553
List the prime factors of 1967929.
397, 4957
List the prime factors of 4330524.
2, 3, 11, 53, 619
What are the prime factors of 5119590?
2, 3, 5, 7, 24379
What are the prime factors of 150485?
5, 30097
What are the prime factors of 731700?
2, 3, 5, 271
List the prime factors of 3703053.
3, 1234351
What are the prime factors of 18191297?
18191297
What are the prime factors of 7599755?
5, 1519951
What are the prime factors of 3223818?
2, 3, 13, 23, 599
What are the prime factors of 259329?
3, 7, 53, 233
What are the prime factors of 2667253?
137, 19469
What are the prime factors of 9820998?
2, 3, 11, 193, 257
List the prime factors of 959100.
2, 3, 5, 23, 139
What are the prime factors of 210609?
3, 7, 3343
What are the prime factors of 855696?
2, 3, 17827
What are the prime factors of 151254?
2, 3, 2801
What are the prime factors of 1738512?
2, 3, 12073
What are the prime factors of 12179203?
1031, 11813
List the prime factors of 30270.
2, 3, 5, 1009
What are the prime factors of 17001235?
5, 3400247
List the prime factors of 623221.
623221
What are the prime factors of 1702946?
2, 7, 17377
List the prime factors of 204991.
19, 10789
What are the prime factors of 230560?
2, 5, 11, 131
List the prime factors of 1230261.
3, 410087
What are the prime factors of 444691?
13, 79, 433
List the prime factors of 10640652.
2, 3, 11, 80611
What are the prime factors of 5872379?
5872379
List the prime factors of 1325851.
29, 131, 349
What are the prime factors of 8016085?
5, 7, 11, 47, 443
What are the prime factors of 6123248?
2, 382703
What are the prime factors of 3563806?
2, 1781903
What are the prime factors of 24575012?
2, 7, 11, 73, 1093
List the prime factors of 24805795.
5, 7, 83, 8539
What are the prime factors of 1041665?
5, 208333
List the prime factors of 302437.
167, 1811
List the prime factors of 126216.
2, 3, 1753
List the prime factors of 1541053.
79, 19507
What are the prime factors of 15826610?
2, 5, 71, 22291
List the prime factors of 5367476.
2, 1341869
List the prime factors of 390996.
2, 3, 10861
What are the prime factors of 295330?
2, 5, 7, 4219
List the prime factors of 801248.
2, 7, 73
List the prime factors of 11285488.
2, 31, 61, 373
What are the prime factors of 2051?
7, 293
List the prime factors of 287482.
2, 13, 11057
What are the prime factors of 3445457?
89, 38713
What are the prime factors of 4231035?
3, 5, 31, 337
List the prime factors of 144233.
23, 6271
List the prime factors of 865761.
3, 13, 79, 281
What are the prime factors of 7106753?
7106753
List the prime factors of 1453.
1453
What are the prime factors of 986957?
29, 34033
What are the prime factors of 4041288?
2, 3, 37, 41
List the prime factors of 31658.
2, 11, 1439
List the prime factors of 5091612.
2, 3, 101, 4201
List the prime factors of 550324.
2, 17, 8093
List the prime factors of 893131.
893131
What are the prime factors of 309612?
2, 3, 25801
List the prime factors of 7421612.
2, 11, 168673
What are the prime factors of 15100832?
2, 471901
What are the prime factors of 390330?
2, 3, 5, 4337
List the prime factors of 126158.
2, 63079
List the prime factors of 105223.
139, 757
List the prime factors of 27267930.
2, 3, 5, 302977
What are the prime factors of 18766746?
2, 3, 1042597
What are the prime factors of 8455507?
8455507
List the prime factors of 13907620.
2, 5, 19, 36599
List the prime factors of 474014.
2, 89, 2663
What are the prime factors of 187829?
31, 73, 83
What are the prime factors of 1452321?
3, 13, 12413
What are the prime factors of 286918?
2, 41, 3499
What are the prime factors of 598738?
2, 7, 42767
What are the prime factors of 139863?
3, 23, 2027
List the prime factors of 508446.
2, 3, 47, 601
What are the prime factors of 4338197?
29, 227, 659
What are the prime factors of 3176355?
3, 5, 7, 13, 179
What are the prime factors of 610905?
3, 5, 139, 293
List the prime factors of 108250.
2, 5, 433
List the prime factors of 9718426.
2, 1549, 3137
What are the prime factors of 18706452?
2, 3, 23, 67777
What are the prime factors of 1006823?
281, 3583
List the prime factors of 12562842.
2, 3, 2093807
What are the prime factors of 2024377?
17, 1